
{"id":43,"date":"2023-10-11T12:12:24","date_gmt":"2023-10-11T10:12:24","guid":{"rendered":"http:\/\/pukiz.pl\/?page_id=43"},"modified":"2025-01-28T08:31:43","modified_gmt":"2025-01-28T07:31:43","slug":"do-pobrania","status":"publish","type":"page","link":"https:\/\/pukiz.pl\/?page_id=43","title":{"rendered":"Do pobrania"},"content":{"rendered":"\n<p><\/p>\n\n\n\n<p><\/p>\n\n\n\n<div class=\"wp-block-buttons is-layout-flex wp-block-buttons-is-layout-flex\">\n<div class=\"wp-block-button is-style-outline is-style-outline--1\"><a class=\"wp-block-button__link has-white-color has-vivid-cyan-blue-background-color has-text-color has-background wp-element-button\" href=\"http:\/\/pukiz.pl\/wp-content\/uploads\/2023\/10\/Wniosek-warunki-techniczne.pdf\">Wniosek o wydanie warunk\u00f3w przy\u0142\u0105czenia do sieci wod. &#8211; kan.<\/a><\/div>\n\n\n\n<div class=\"wp-block-button\"><a class=\"wp-block-button__link has-vivid-cyan-blue-background-color has-background wp-element-button\" href=\"http:\/\/pukiz.pl\/wp-content\/uploads\/2023\/10\/Zgloszenie-rozpoczecia-prac.pdf\">Zg\u0142oszenie terminu prac budowy przy\u0142\u0105cza<\/a><\/div>\n\n\n\n<div class=\"wp-block-button\"><a class=\"wp-block-button__link has-vivid-cyan-blue-background-color has-background wp-element-button\">Protok\u00f3\u0142 odbioru przy\u0142\u0105cza wodoci\u0105gowego<\/a><\/div>\n\n\n\n<div class=\"wp-block-button\"><a class=\"wp-block-button__link has-vivid-cyan-blue-background-color has-background wp-element-button\" href=\"https:\/\/pukiz.pl\/wp-content\/uploads\/2025\/01\/Wniosek-o-zawarcie-umowy-o-zapoatrzenie-wode-2024.pdf\">   Wniosek o zawarcie umowy     <\/a><\/div>\n\n\n\n<div class=\"wp-block-button\"><a class=\"wp-block-button__link has-vivid-cyan-blue-background-color has-background wp-element-button\" href=\"http:\/\/pukiz.pl\/wp-content\/uploads\/2023\/10\/oswiadczenie-o-akceptacji-faktur-droga-elektoniczna.pdf\">Wniosek  o akceptacji faktur drog\u0105 elektroniczn\u0105<\/a><\/div>\n\n\n\n<div class=\"wp-block-button\"><a class=\"wp-block-button__link has-vivid-cyan-blue-background-color has-background wp-element-button\">    Wniosek o rozwi\u0105zanie umowy     <\/a><\/div>\n<\/div>\n\n\n\n<p><\/p>\n\n\n\n<p><\/p>\n","protected":false},"excerpt":{"rendered":"","protected":false},"author":1,"featured_media":0,"parent":0,"menu_order":0,"comment_status":"closed","ping_status":"closed","template":"","meta":{"footnotes":""},"class_list":["post-43","page","type-page","status-publish","hentry"],"yoast_head":"<!-- This site is optimized with the Yoast SEO plugin v27.5 - https:\/\/yoast.com\/product\/yoast-seo-wordpress\/ -->\n<title>Do pobrania - PUKiZ Wydminy<\/title>\n<meta name=\"description\" content=\"pliki do pobrania\" \/>\n<meta name=\"robots\" content=\"index, follow, max-snippet:-1, max-image-preview:large, max-video-preview:-1\" \/>\n<link rel=\"canonical\" href=\"https:\/\/pukiz.pl\/?page_id=43\" \/>\n<meta property=\"og:locale\" content=\"pl_PL\" \/>\n<meta property=\"og:type\" content=\"article\" \/>\n<meta property=\"og:title\" content=\"Do pobrania - PUKiZ Wydminy\" \/>\n<meta property=\"og:description\" content=\"pliki do pobrania\" \/>\n<meta property=\"og:url\" content=\"https:\/\/pukiz.pl\/?page_id=43\" \/>\n<meta property=\"og:site_name\" content=\"PUKiZ Wydminy\" \/>\n<meta property=\"article:modified_time\" content=\"2025-01-28T07:31:43+00:00\" \/>\n<meta name=\"twitter:card\" content=\"summary_large_image\" \/>\n<meta name=\"twitter:label1\" content=\"Szacowany czas czytania\" \/>\n\t<meta name=\"twitter:data1\" content=\"1 minuta\" \/>\n<script type=\"application\/ld+json\" class=\"yoast-schema-graph\">{\"@context\":\"https:\\\/\\\/schema.org\",\"@graph\":[{\"@type\":\"WebPage\",\"@id\":\"https:\\\/\\\/pukiz.pl\\\/?page_id=43\",\"url\":\"https:\\\/\\\/pukiz.pl\\\/?page_id=43\",\"name\":\"Do pobrania - PUKiZ Wydminy\",\"isPartOf\":{\"@id\":\"https:\\\/\\\/pukiz.pl\\\/#website\"},\"datePublished\":\"2023-10-11T10:12:24+00:00\",\"dateModified\":\"2025-01-28T07:31:43+00:00\",\"description\":\"pliki do pobrania\",\"breadcrumb\":{\"@id\":\"https:\\\/\\\/pukiz.pl\\\/?page_id=43#breadcrumb\"},\"inLanguage\":\"pl-PL\",\"potentialAction\":[{\"@type\":\"ReadAction\",\"target\":[\"https:\\\/\\\/pukiz.pl\\\/?page_id=43\"]}]},{\"@type\":\"BreadcrumbList\",\"@id\":\"https:\\\/\\\/pukiz.pl\\\/?page_id=43#breadcrumb\",\"itemListElement\":[{\"@type\":\"ListItem\",\"position\":1,\"name\":\"Home\",\"item\":\"https:\\\/\\\/pukiz.pl\\\/\"},{\"@type\":\"ListItem\",\"position\":2,\"name\":\"Do pobrania\"}]},{\"@type\":\"WebSite\",\"@id\":\"https:\\\/\\\/pukiz.pl\\\/#website\",\"url\":\"https:\\\/\\\/pukiz.pl\\\/\",\"name\":\"PUKiZ Wydminy\",\"description\":\"ul. Suwalska 20; 11-510 Wydminy\",\"publisher\":{\"@id\":\"https:\\\/\\\/pukiz.pl\\\/#organization\"},\"potentialAction\":[{\"@type\":\"SearchAction\",\"target\":{\"@type\":\"EntryPoint\",\"urlTemplate\":\"https:\\\/\\\/pukiz.pl\\\/?s={search_term_string}\"},\"query-input\":{\"@type\":\"PropertyValueSpecification\",\"valueRequired\":true,\"valueName\":\"search_term_string\"}}],\"inLanguage\":\"pl-PL\"},{\"@type\":\"Organization\",\"@id\":\"https:\\\/\\\/pukiz.pl\\\/#organization\",\"name\":\"PUKiZ Wydminy\",\"url\":\"https:\\\/\\\/pukiz.pl\\\/\",\"logo\":{\"@type\":\"ImageObject\",\"inLanguage\":\"pl-PL\",\"@id\":\"https:\\\/\\\/pukiz.pl\\\/#\\\/schema\\\/logo\\\/image\\\/\",\"url\":\"https:\\\/\\\/pukiz.pl\\\/wp-content\\\/uploads\\\/2023\\\/10\\\/cropped-logo-1.png\",\"contentUrl\":\"https:\\\/\\\/pukiz.pl\\\/wp-content\\\/uploads\\\/2023\\\/10\\\/cropped-logo-1.png\",\"width\":250,\"height\":250,\"caption\":\"PUKiZ Wydminy\"},\"image\":{\"@id\":\"https:\\\/\\\/pukiz.pl\\\/#\\\/schema\\\/logo\\\/image\\\/\"}}]}<\/script>\n<!-- \/ Yoast SEO plugin. -->","yoast_head_json":{"title":"Do pobrania - PUKiZ Wydminy","description":"pliki do pobrania","robots":{"index":"index","follow":"follow","max-snippet":"max-snippet:-1","max-image-preview":"max-image-preview:large","max-video-preview":"max-video-preview:-1"},"canonical":"https:\/\/pukiz.pl\/?page_id=43","og_locale":"pl_PL","og_type":"article","og_title":"Do pobrania - PUKiZ Wydminy","og_description":"pliki do pobrania","og_url":"https:\/\/pukiz.pl\/?page_id=43","og_site_name":"PUKiZ Wydminy","article_modified_time":"2025-01-28T07:31:43+00:00","twitter_card":"summary_large_image","twitter_misc":{"Szacowany czas czytania":"1 minuta"},"schema":{"@context":"https:\/\/schema.org","@graph":[{"@type":"WebPage","@id":"https:\/\/pukiz.pl\/?page_id=43","url":"https:\/\/pukiz.pl\/?page_id=43","name":"Do pobrania - PUKiZ Wydminy","isPartOf":{"@id":"https:\/\/pukiz.pl\/#website"},"datePublished":"2023-10-11T10:12:24+00:00","dateModified":"2025-01-28T07:31:43+00:00","description":"pliki do pobrania","breadcrumb":{"@id":"https:\/\/pukiz.pl\/?page_id=43#breadcrumb"},"inLanguage":"pl-PL","potentialAction":[{"@type":"ReadAction","target":["https:\/\/pukiz.pl\/?page_id=43"]}]},{"@type":"BreadcrumbList","@id":"https:\/\/pukiz.pl\/?page_id=43#breadcrumb","itemListElement":[{"@type":"ListItem","position":1,"name":"Home","item":"https:\/\/pukiz.pl\/"},{"@type":"ListItem","position":2,"name":"Do pobrania"}]},{"@type":"WebSite","@id":"https:\/\/pukiz.pl\/#website","url":"https:\/\/pukiz.pl\/","name":"PUKiZ Wydminy","description":"ul. Suwalska 20; 11-510 Wydminy","publisher":{"@id":"https:\/\/pukiz.pl\/#organization"},"potentialAction":[{"@type":"SearchAction","target":{"@type":"EntryPoint","urlTemplate":"https:\/\/pukiz.pl\/?s={search_term_string}"},"query-input":{"@type":"PropertyValueSpecification","valueRequired":true,"valueName":"search_term_string"}}],"inLanguage":"pl-PL"},{"@type":"Organization","@id":"https:\/\/pukiz.pl\/#organization","name":"PUKiZ Wydminy","url":"https:\/\/pukiz.pl\/","logo":{"@type":"ImageObject","inLanguage":"pl-PL","@id":"https:\/\/pukiz.pl\/#\/schema\/logo\/image\/","url":"https:\/\/pukiz.pl\/wp-content\/uploads\/2023\/10\/cropped-logo-1.png","contentUrl":"https:\/\/pukiz.pl\/wp-content\/uploads\/2023\/10\/cropped-logo-1.png","width":250,"height":250,"caption":"PUKiZ Wydminy"},"image":{"@id":"https:\/\/pukiz.pl\/#\/schema\/logo\/image\/"}}]}},"_links":{"self":[{"href":"https:\/\/pukiz.pl\/index.php?rest_route=\/wp\/v2\/pages\/43","targetHints":{"allow":["GET"]}}],"collection":[{"href":"https:\/\/pukiz.pl\/index.php?rest_route=\/wp\/v2\/pages"}],"about":[{"href":"https:\/\/pukiz.pl\/index.php?rest_route=\/wp\/v2\/types\/page"}],"author":[{"embeddable":true,"href":"https:\/\/pukiz.pl\/index.php?rest_route=\/wp\/v2\/users\/1"}],"replies":[{"embeddable":true,"href":"https:\/\/pukiz.pl\/index.php?rest_route=%2Fwp%2Fv2%2Fcomments&post=43"}],"version-history":[{"count":16,"href":"https:\/\/pukiz.pl\/index.php?rest_route=\/wp\/v2\/pages\/43\/revisions"}],"predecessor-version":[{"id":286,"href":"https:\/\/pukiz.pl\/index.php?rest_route=\/wp\/v2\/pages\/43\/revisions\/286"}],"wp:attachment":[{"href":"https:\/\/pukiz.pl\/index.php?rest_route=%2Fwp%2Fv2%2Fmedia&parent=43"}],"curies":[{"name":"wp","href":"https:\/\/api.w.org\/{rel}","templated":true}]}}