
{"id":31,"date":"2023-10-10T14:45:54","date_gmt":"2023-10-10T12:45:54","guid":{"rendered":"http:\/\/pukiz.pl\/?page_id=31"},"modified":"2025-07-21T11:00:28","modified_gmt":"2025-07-21T09:00:28","slug":"o-firmie-2","status":"publish","type":"page","link":"https:\/\/pukiz.pl\/?page_id=31","title":{"rendered":"O Firmie"},"content":{"rendered":"<p>Przedsi\u0119biorstwo Us\u0142ug Komunalnych sp\u00f3\u0142ka\u00a0 z o.o. w Wydminach jest kontynuatorem tradycji i osi\u0105gni\u0119\u0107 \u00a0Zak\u0142adu Gospodarki Komunalnej, Mieszkaniowej \u00a0w Wydminach. \u00a0Lata do\u015bwiadcze\u0144 oraz ewolucyjne dzia\u0142ania w sferze organizacji i zarz\u0105dzania stawiaj\u0105 dzi\u015b Sp\u00f3\u0142k\u0119 w roli lidera us\u0142ug wodno-kanalizacyjnych na rynku Gminy Wydminy. Przedsi\u0119biorstwo Us\u0142ug Komunalnych utworzone zosta\u0142o Uchwa\u0142\u0105 Nr X\/31\/2011 Rady Gminy w Wydminach z dnia 18 maja 2011 roku, akt notarialny Rep. A 1035\/2011 z p\u00f3\u017aniejszymi zmianami, jako sp\u00f3\u0142ka z ograniczon\u0105 odpowiedzialno\u015bci\u0105 prowadzi dzia\u0142alno\u015b\u0107 od 1 wrze\u015bnia 2011r. W\u0142a\u015bcicielem jest Gmina Wydminy posiadaj\u0105ca 100% jej udzia\u0142\u00f3w.<\/p>\n<p>Kapita\u0142 zak\u0142adowy sp\u00f3\u0142ki stanowi\u00a0 14 834 800,00 z\u0142<\/p>\n<p>Przedsi\u0119biorstwo jest zarejestrowane w Krajowym Rejestrze S\u0105dowym w rejestrze przedsi\u0119biorc\u00f3w pod numerem KRS\u00a00000395963\u00a0S\u0105d Rejonowy w Olsztynie, VIII Wydzia\u0142 Gospodarczy Krajowego Rejestru S\u0105dowego.<\/p>\n<p>W\u0142adzami sp\u00f3\u0142ki s\u0105:<\/p>\n<ol>\n<li>Zgromadzenie Wsp\u00f3lnik\u00f3w<\/li>\n<li>Rada Nadzorcza<\/li>\n<li>Zarz\u0105d<\/li>\n<\/ol>\n<p>W sk\u0142ad zgromadzenia wsp\u00f3lnik\u00f3w wchodzi:<\/p>\n<ol>\n<li>Anna Stefania Binik \u2013 W\u00f3jt Gminy Wydminy<\/li>\n<\/ol>\n<p>W sk\u0142ad Rady Nadzorczej wchodzi:<\/p>\n<ol>\n<li>Magdalena O\u015bwi\u0119cimko \u2013 Przewodnicz\u0105cy RN<\/li>\n<li>\u0141ukasz Parzych \u2013 Wiceprzewodnicz\u0105cy RN<\/li>\n<li>Micha\u0142 Iwaniuk\u2013\u00a0 Cz\u0142onek RN<\/li>\n<\/ol>\n<p>W sk\u0142ad Zarz\u0105du wchodzi:<\/p>\n<ol>\n<li>Rafa\u0142 Osinka \u2013 Prezes Zarz\u0105du<\/li>\n<\/ol>\n<p>Dzia\u0142alno\u015b\u0107 PUKiZ\u00a0 Sp. z o.o.\u00a0 skupia si\u0119 przede wszystkim wok\u00f3\u0142 us\u0142ug zwi\u0105zanych z dostarczaniem wody i odprowadzanie \u015bciek\u00f3w.<\/p>\n<p>Terenem dzia\u0142alno\u015bci podstawowej Sp\u00f3\u0142ki jest Gmina Wydminy.<\/p>\n","protected":false},"excerpt":{"rendered":"<p>Przedsi\u0119biorstwo Us\u0142ug Komunalnych sp\u00f3\u0142ka\u00a0 z o.o. w Wydminach jest kontynuatorem tradycji i osi\u0105gni\u0119\u0107 \u00a0Zak\u0142adu Gospodarki Komunalnej, Mieszkaniowej \u00a0w Wydminach. \u00a0Lata do\u015bwiadcze\u0144 oraz ewolucyjne dzia\u0142ania w sferze organizacji i zarz\u0105dzania stawiaj\u0105 dzi\u015b Sp\u00f3\u0142k\u0119 w roli lidera us\u0142ug wodno-kanalizacyjnych na rynku Gminy Wydminy. Przedsi\u0119biorstwo Us\u0142ug Komunalnych utworzone zosta\u0142o Uchwa\u0142\u0105 Nr X\/31\/2011 Rady Gminy w Wydminach z dnia &hellip; <\/p>\n<p class=\"link-more\"><a href=\"https:\/\/pukiz.pl\/?page_id=31\" class=\"more-link\">Czytaj dalej<span class=\"screen-reader-text\"> \u201eO Firmie\u201d<\/span><\/a><\/p>\n","protected":false},"author":1,"featured_media":0,"parent":0,"menu_order":0,"comment_status":"closed","ping_status":"closed","template":"","meta":{"footnotes":""},"class_list":["post-31","page","type-page","status-publish","hentry"],"yoast_head":"<!-- This site is optimized with the Yoast SEO plugin v27.5 - https:\/\/yoast.com\/product\/yoast-seo-wordpress\/ -->\n<title>O Firmie - PUKiZ Wydminy<\/title>\n<meta name=\"robots\" content=\"index, follow, max-snippet:-1, max-image-preview:large, max-video-preview:-1\" \/>\n<link rel=\"canonical\" href=\"https:\/\/pukiz.pl\/?page_id=31\" \/>\n<meta property=\"og:locale\" content=\"pl_PL\" \/>\n<meta property=\"og:type\" content=\"article\" \/>\n<meta property=\"og:title\" content=\"O Firmie - PUKiZ Wydminy\" \/>\n<meta property=\"og:description\" content=\"Przedsi\u0119biorstwo Us\u0142ug Komunalnych sp\u00f3\u0142ka\u00a0 z o.o. w Wydminach jest kontynuatorem tradycji i osi\u0105gni\u0119\u0107 \u00a0Zak\u0142adu Gospodarki Komunalnej, Mieszkaniowej \u00a0w Wydminach. \u00a0Lata do\u015bwiadcze\u0144 oraz ewolucyjne dzia\u0142ania w sferze organizacji i zarz\u0105dzania stawiaj\u0105 dzi\u015b Sp\u00f3\u0142k\u0119 w roli lidera us\u0142ug wodno-kanalizacyjnych na rynku Gminy Wydminy. Przedsi\u0119biorstwo Us\u0142ug Komunalnych utworzone zosta\u0142o Uchwa\u0142\u0105 Nr X\/31\/2011 Rady Gminy w Wydminach z dnia &hellip; Czytaj dalej \u201eO Firmie\u201d\" \/>\n<meta property=\"og:url\" content=\"https:\/\/pukiz.pl\/?page_id=31\" \/>\n<meta property=\"og:site_name\" content=\"PUKiZ Wydminy\" \/>\n<meta property=\"article:modified_time\" content=\"2025-07-21T09:00:28+00:00\" \/>\n<meta name=\"twitter:card\" content=\"summary_large_image\" \/>\n<meta name=\"twitter:label1\" content=\"Szacowany czas czytania\" \/>\n\t<meta name=\"twitter:data1\" content=\"2 minuty\" \/>\n<script type=\"application\/ld+json\" class=\"yoast-schema-graph\">{\"@context\":\"https:\\\/\\\/schema.org\",\"@graph\":[{\"@type\":\"WebPage\",\"@id\":\"https:\\\/\\\/pukiz.pl\\\/?page_id=31\",\"url\":\"https:\\\/\\\/pukiz.pl\\\/?page_id=31\",\"name\":\"O Firmie - PUKiZ Wydminy\",\"isPartOf\":{\"@id\":\"https:\\\/\\\/pukiz.pl\\\/#website\"},\"datePublished\":\"2023-10-10T12:45:54+00:00\",\"dateModified\":\"2025-07-21T09:00:28+00:00\",\"breadcrumb\":{\"@id\":\"https:\\\/\\\/pukiz.pl\\\/?page_id=31#breadcrumb\"},\"inLanguage\":\"pl-PL\",\"potentialAction\":[{\"@type\":\"ReadAction\",\"target\":[\"https:\\\/\\\/pukiz.pl\\\/?page_id=31\"]}]},{\"@type\":\"BreadcrumbList\",\"@id\":\"https:\\\/\\\/pukiz.pl\\\/?page_id=31#breadcrumb\",\"itemListElement\":[{\"@type\":\"ListItem\",\"position\":1,\"name\":\"Home\",\"item\":\"https:\\\/\\\/pukiz.pl\\\/\"},{\"@type\":\"ListItem\",\"position\":2,\"name\":\"O Firmie\"}]},{\"@type\":\"WebSite\",\"@id\":\"https:\\\/\\\/pukiz.pl\\\/#website\",\"url\":\"https:\\\/\\\/pukiz.pl\\\/\",\"name\":\"PUKiZ Wydminy\",\"description\":\"ul. Suwalska 20; 11-510 Wydminy\",\"publisher\":{\"@id\":\"https:\\\/\\\/pukiz.pl\\\/#organization\"},\"potentialAction\":[{\"@type\":\"SearchAction\",\"target\":{\"@type\":\"EntryPoint\",\"urlTemplate\":\"https:\\\/\\\/pukiz.pl\\\/?s={search_term_string}\"},\"query-input\":{\"@type\":\"PropertyValueSpecification\",\"valueRequired\":true,\"valueName\":\"search_term_string\"}}],\"inLanguage\":\"pl-PL\"},{\"@type\":\"Organization\",\"@id\":\"https:\\\/\\\/pukiz.pl\\\/#organization\",\"name\":\"PUKiZ Wydminy\",\"url\":\"https:\\\/\\\/pukiz.pl\\\/\",\"logo\":{\"@type\":\"ImageObject\",\"inLanguage\":\"pl-PL\",\"@id\":\"https:\\\/\\\/pukiz.pl\\\/#\\\/schema\\\/logo\\\/image\\\/\",\"url\":\"https:\\\/\\\/pukiz.pl\\\/wp-content\\\/uploads\\\/2023\\\/10\\\/cropped-logo-1.png\",\"contentUrl\":\"https:\\\/\\\/pukiz.pl\\\/wp-content\\\/uploads\\\/2023\\\/10\\\/cropped-logo-1.png\",\"width\":250,\"height\":250,\"caption\":\"PUKiZ Wydminy\"},\"image\":{\"@id\":\"https:\\\/\\\/pukiz.pl\\\/#\\\/schema\\\/logo\\\/image\\\/\"}}]}<\/script>\n<!-- \/ Yoast SEO plugin. -->","yoast_head_json":{"title":"O Firmie - PUKiZ Wydminy","robots":{"index":"index","follow":"follow","max-snippet":"max-snippet:-1","max-image-preview":"max-image-preview:large","max-video-preview":"max-video-preview:-1"},"canonical":"https:\/\/pukiz.pl\/?page_id=31","og_locale":"pl_PL","og_type":"article","og_title":"O Firmie - PUKiZ Wydminy","og_description":"Przedsi\u0119biorstwo Us\u0142ug Komunalnych sp\u00f3\u0142ka\u00a0 z o.o. w Wydminach jest kontynuatorem tradycji i osi\u0105gni\u0119\u0107 \u00a0Zak\u0142adu Gospodarki Komunalnej, Mieszkaniowej \u00a0w Wydminach. \u00a0Lata do\u015bwiadcze\u0144 oraz ewolucyjne dzia\u0142ania w sferze organizacji i zarz\u0105dzania stawiaj\u0105 dzi\u015b Sp\u00f3\u0142k\u0119 w roli lidera us\u0142ug wodno-kanalizacyjnych na rynku Gminy Wydminy. Przedsi\u0119biorstwo Us\u0142ug Komunalnych utworzone zosta\u0142o Uchwa\u0142\u0105 Nr X\/31\/2011 Rady Gminy w Wydminach z dnia &hellip; Czytaj dalej \u201eO Firmie\u201d","og_url":"https:\/\/pukiz.pl\/?page_id=31","og_site_name":"PUKiZ Wydminy","article_modified_time":"2025-07-21T09:00:28+00:00","twitter_card":"summary_large_image","twitter_misc":{"Szacowany czas czytania":"2 minuty"},"schema":{"@context":"https:\/\/schema.org","@graph":[{"@type":"WebPage","@id":"https:\/\/pukiz.pl\/?page_id=31","url":"https:\/\/pukiz.pl\/?page_id=31","name":"O Firmie - PUKiZ Wydminy","isPartOf":{"@id":"https:\/\/pukiz.pl\/#website"},"datePublished":"2023-10-10T12:45:54+00:00","dateModified":"2025-07-21T09:00:28+00:00","breadcrumb":{"@id":"https:\/\/pukiz.pl\/?page_id=31#breadcrumb"},"inLanguage":"pl-PL","potentialAction":[{"@type":"ReadAction","target":["https:\/\/pukiz.pl\/?page_id=31"]}]},{"@type":"BreadcrumbList","@id":"https:\/\/pukiz.pl\/?page_id=31#breadcrumb","itemListElement":[{"@type":"ListItem","position":1,"name":"Home","item":"https:\/\/pukiz.pl\/"},{"@type":"ListItem","position":2,"name":"O Firmie"}]},{"@type":"WebSite","@id":"https:\/\/pukiz.pl\/#website","url":"https:\/\/pukiz.pl\/","name":"PUKiZ Wydminy","description":"ul. Suwalska 20; 11-510 Wydminy","publisher":{"@id":"https:\/\/pukiz.pl\/#organization"},"potentialAction":[{"@type":"SearchAction","target":{"@type":"EntryPoint","urlTemplate":"https:\/\/pukiz.pl\/?s={search_term_string}"},"query-input":{"@type":"PropertyValueSpecification","valueRequired":true,"valueName":"search_term_string"}}],"inLanguage":"pl-PL"},{"@type":"Organization","@id":"https:\/\/pukiz.pl\/#organization","name":"PUKiZ Wydminy","url":"https:\/\/pukiz.pl\/","logo":{"@type":"ImageObject","inLanguage":"pl-PL","@id":"https:\/\/pukiz.pl\/#\/schema\/logo\/image\/","url":"https:\/\/pukiz.pl\/wp-content\/uploads\/2023\/10\/cropped-logo-1.png","contentUrl":"https:\/\/pukiz.pl\/wp-content\/uploads\/2023\/10\/cropped-logo-1.png","width":250,"height":250,"caption":"PUKiZ Wydminy"},"image":{"@id":"https:\/\/pukiz.pl\/#\/schema\/logo\/image\/"}}]}},"_links":{"self":[{"href":"https:\/\/pukiz.pl\/index.php?rest_route=\/wp\/v2\/pages\/31","targetHints":{"allow":["GET"]}}],"collection":[{"href":"https:\/\/pukiz.pl\/index.php?rest_route=\/wp\/v2\/pages"}],"about":[{"href":"https:\/\/pukiz.pl\/index.php?rest_route=\/wp\/v2\/types\/page"}],"author":[{"embeddable":true,"href":"https:\/\/pukiz.pl\/index.php?rest_route=\/wp\/v2\/users\/1"}],"replies":[{"embeddable":true,"href":"https:\/\/pukiz.pl\/index.php?rest_route=%2Fwp%2Fv2%2Fcomments&post=31"}],"version-history":[{"count":6,"href":"https:\/\/pukiz.pl\/index.php?rest_route=\/wp\/v2\/pages\/31\/revisions"}],"predecessor-version":[{"id":370,"href":"https:\/\/pukiz.pl\/index.php?rest_route=\/wp\/v2\/pages\/31\/revisions\/370"}],"wp:attachment":[{"href":"https:\/\/pukiz.pl\/index.php?rest_route=%2Fwp%2Fv2%2Fmedia&parent=31"}],"curies":[{"name":"wp","href":"https:\/\/api.w.org\/{rel}","templated":true}]}}

<p>Przedsiębiorstwo Usług Komunalnych spółka  z o.o. w Wydminach jest kontynuatorem tradycji i osiągnięć  Zakładu Gospodarki Komunalnej, Mieszkaniowej  w Wydminach.  Lata doświadczeń oraz ewolucyjne działania w sferze organizacji i zarządzania stawiają dziś Spółkę w roli lidera usług wodno-kanalizacyjnych na rynku Gminy Wydminy. Przedsiębiorstwo Usług Komunalnych utworzone zostało Uchwałą Nr X/31/2011 Rady Gminy w Wydminach z dnia 18 maja 2011 roku, akt notarialny Rep. A 1035/2011 z późniejszymi zmianami, jako spółka z ograniczoną odpowiedzialnością prowadzi działalność od 1 września 2011r. Właścicielem jest Gmina Wydminy posiadająca 100% jej udziałów.</p>
<p>Kapitał zakładowy spółki stanowi  14 834 800,00 zł</p>
<p>Przedsiębiorstwo jest zarejestrowane w Krajowym Rejestrze Sądowym w rejestrze przedsiębiorców pod numerem KRS 0000395963 Sąd Rejonowy w Olsztynie, VIII Wydział Gospodarczy Krajowego Rejestru Sądowego.</p>
<p>Władzami spółki są:</p>
<ol>
<li>Zgromadzenie Wspólników</li>
<li>Rada Nadzorcza</li>
<li>Zarząd</li>
</ol>
<p>W skład zgromadzenia wspólników wchodzi:</p>
<ol>
<li>Anna Stefania Binik – Wójt Gminy Wydminy</li>
</ol>
<p>W skład Rady Nadzorczej wchodzi:</p>
<ol>
<li>Magdalena Oświęcimko – Przewodniczący RN</li>
<li>Łukasz Parzych – Wiceprzewodniczący RN</li>
<li>Michał Iwaniuk–  Członek RN</li>
</ol>
<p>W skład Zarządu wchodzi:</p>
<ol>
<li>Rafał Osinka – Prezes Zarządu</li>
</ol>
<p>Działalność PUKiZ  Sp. z o.o.  skupia się przede wszystkim wokół usług związanych z dostarczaniem wody i odprowadzanie ścieków.</p>
<p>Terenem działalności podstawowej Spółki jest Gmina Wydminy.</p>

<p>Przedsiębiorstwo Usług Komunalnych spółka  z o.o. w Wydminach jest kontynuatorem tradycji i osiągnięć  Zakładu Gospodarki Komunalnej, Mieszkaniowej  w Wydminach.  Lata doświadczeń oraz ewolucyjne działania w sferze organizacji i zarządzania stawiają dziś Spółkę w roli lidera usług wodno-kanalizacyjnych na rynku Gminy Wydminy. Przedsiębiorstwo Usług Komunalnych utworzone zostało Uchwałą Nr X/31/2011 Rady Gminy w Wydminach z dnia &hellip; </p>
<p class="link-more"><a href="https://pukiz.pl/?page_id=31" class="more-link">Czytaj dalej<span class="screen-reader-text"> „O Firmie”</span></a></p>

<!-- This site is optimized with the Yoast SEO plugin v27.5 - https://yoast.com/product/yoast-seo-wordpress/ -->
<title>O Firmie - PUKiZ Wydminy</title>
<meta name="robots" content="index, follow, max-snippet:-1, max-image-preview:large, max-video-preview:-1" />
<link rel="canonical" href="https://pukiz.pl/?page_id=31" />
<meta property="og:locale" content="pl_PL" />
<meta property="og:type" content="article" />
<meta property="og:title" content="O Firmie - PUKiZ Wydminy" />
<meta property="og:description" content="Przedsiębiorstwo Usług Komunalnych spółka  z o.o. w Wydminach jest kontynuatorem tradycji i osiągnięć  Zakładu Gospodarki Komunalnej, Mieszkaniowej  w Wydminach.  Lata doświadczeń oraz ewolucyjne działania w sferze organizacji i zarządzania stawiają dziś Spółkę w roli lidera usług wodno-kanalizacyjnych na rynku Gminy Wydminy. Przedsiębiorstwo Usług Komunalnych utworzone zostało Uchwałą Nr X/31/2011 Rady Gminy w Wydminach z dnia &hellip; Czytaj dalej „O Firmie”" />
<meta property="og:url" content="https://pukiz.pl/?page_id=31" />
<meta property="og:site_name" content="PUKiZ Wydminy" />
<meta property="article:modified_time" content="2025-07-21T09:00:28+00:00" />
<meta name="twitter:card" content="summary_large_image" />
<meta name="twitter:label1" content="Szacowany czas czytania" />
	<meta name="twitter:data1" content="2 minuty" />
<script type="application/ld+json" class="yoast-schema-graph">{"@context":"https:\/\/schema.org","@graph":[{"@type":"WebPage","@id":"https:\/\/pukiz.pl\/?page_id=31","url":"https:\/\/pukiz.pl\/?page_id=31","name":"O Firmie - PUKiZ Wydminy","isPartOf":{"@id":"https:\/\/pukiz.pl\/#website"},"datePublished":"2023-10-10T12:45:54+00:00","dateModified":"2025-07-21T09:00:28+00:00","breadcrumb":{"@id":"https:\/\/pukiz.pl\/?page_id=31#breadcrumb"},"inLanguage":"pl-PL","potentialAction":[{"@type":"ReadAction","target":["https:\/\/pukiz.pl\/?page_id=31"]}]},{"@type":"BreadcrumbList","@id":"https:\/\/pukiz.pl\/?page_id=31#breadcrumb","itemListElement":[{"@type":"ListItem","position":1,"name":"Home","item":"https:\/\/pukiz.pl\/"},{"@type":"ListItem","position":2,"name":"O Firmie"}]},{"@type":"WebSite","@id":"https:\/\/pukiz.pl\/#website","url":"https:\/\/pukiz.pl\/","name":"PUKiZ Wydminy","description":"ul. Suwalska 20; 11-510 Wydminy","publisher":{"@id":"https:\/\/pukiz.pl\/#organization"},"potentialAction":[{"@type":"SearchAction","target":{"@type":"EntryPoint","urlTemplate":"https:\/\/pukiz.pl\/?s={search_term_string}"},"query-input":{"@type":"PropertyValueSpecification","valueRequired":true,"valueName":"search_term_string"}}],"inLanguage":"pl-PL"},{"@type":"Organization","@id":"https:\/\/pukiz.pl\/#organization","name":"PUKiZ Wydminy","url":"https:\/\/pukiz.pl\/","logo":{"@type":"ImageObject","inLanguage":"pl-PL","@id":"https:\/\/pukiz.pl\/#\/schema\/logo\/image\/","url":"https:\/\/pukiz.pl\/wp-content\/uploads\/2023\/10\/cropped-logo-1.png","contentUrl":"https:\/\/pukiz.pl\/wp-content\/uploads\/2023\/10\/cropped-logo-1.png","width":250,"height":250,"caption":"PUKiZ Wydminy"},"image":{"@id":"https:\/\/pukiz.pl\/#\/schema\/logo\/image\/"}}]}</script>
<!-- / Yoast SEO plugin. -->

Przedsiębiorstwo Usług Komunalnych spółka  z o.o. w Wydminach jest kontynuatorem tradycji i osiągnięć  Zakładu Gospodarki Komunalnej, Mieszkaniowej  w Wydminach.  Lata doświadczeń oraz ewolucyjne działania w sferze organizacji i zarządzania stawiają dziś Spółkę w roli lidera usług wodno-kanalizacyjnych na rynku Gminy Wydminy. Przedsiębiorstwo Usług Komunalnych utworzone zostało Uchwałą Nr X/31/2011 Rady Gminy w Wydminach z dnia &hellip; Czytaj dalej „O Firmie”
