
{"id":24,"date":"2023-10-11T12:17:48","date_gmt":"2023-10-11T10:17:48","guid":{"rendered":"http:\/\/pukiz.pl\/?page_id=24"},"modified":"2023-10-13T09:59:56","modified_gmt":"2023-10-13T07:59:56","slug":"wfosigw-w-olsztynie","status":"publish","type":"page","link":"https:\/\/pukiz.pl\/?page_id=24","title":{"rendered":"WFO\u015aIGW W OLSZTYNIE"},"content":{"rendered":"\n<figure class=\"wp-block-image size-full\"><img decoding=\"async\" width=\"266\" height=\"104\" src=\"http:\/\/pukiz.pl\/wp-content\/uploads\/2023\/10\/WFOSiGW_logo.jpg\" alt=\"\" class=\"wp-image-73\"\/><\/figure>\n\n\n<p>Nazwa zadania:\u00a0<strong>\u201eBudowa wiejskiej oczyszczalni w miejscowo\u015bci Gawliki Ma\u0142e wraz z kanalizacj\u0105 i niezb\u0119dn\u0105 infrastruktur\u0105 oraz modernizacja SUW w m. \u0141\u0119kuk Ma\u0142y\u201d<\/strong><\/p>\n<p>Koszt kwalifikowany zadania: 3799673,14 z\u0142<\/p>\n<p>Forma dofinansowania ze \u015brodk\u00f3w WFO\u015aiGW w Olsztynie: po\u017cyczka 1828121,14 z\u0142<\/p>\n<p>\u201eKorzystamy z dofinansowania Wojew\u00f3dzkiego Funduszu Ochrony \u015arodowiska i Gospodarki Wodnej w Olsztynie\u201d<\/p>\n<p>odno\u015bnik do strony:\u00a0<a href=\"http:\/\/www.wfosigw.olsztyn.pl\/\">www.wfosigw.olsztyn.pl<\/a><\/p>\n<p>_____________________________________________________________________________<\/p>\n<p>Nazwa zadania:\u00a0<strong>\u201eBudowa oczyszczalni \u015bciek\u00f3w w miejscowo\u015bci Pamry i Berkowo\u201d<\/strong><\/p>\n<p>Koszt kwalifikowany zadania: 595 800,00 z\u0142<\/p>\n<p>Forma dofinansowania ze \u015brodk\u00f3w WFO\u015aiGW w Olsztynie: po\u017cyczka 406 000,00 z\u0142<\/p>\n<p>\u201eKorzystamy z dofinansowania Wojew\u00f3dzkiego Funduszu Ochrony \u015arodowiska i Gospodarki Wodnej w Olsztynie\u201d<\/p>\n<p>Opis zadania: Inwestycja budowy oczyszczalni \u015bciek\u00f3w w miejscowo\u015bci Pamry i Berkowo<\/p>\n<p>odno\u015bnik do strony:\u00a0<a href=\"http:\/\/www.wfosigw.olsztyn.pl\/\">www.wfosigw.olsztyn.pl<\/a><\/p>\n<p>Nazwa zadania: \u201e<strong>Modernizacja i rozbudowa oczyszczalni \u015bciek\u00f3w w Wydminach<\/strong>\u201e<\/p>\n<p>Koszt kwalifikowany zadania: 4.146.340,47 z\u0142<\/p>\n<p>Forma dofinansowania ze \u015brodk\u00f3w WFO\u015aiGW w Olsztynie: po\u017cyczka 928.987,23 z\u0142<\/p>\n<p>\u201eKorzystamy z dofinansowania Wojew\u00f3dzkiego Funduszu Ochrony \u015arodowiska i Gospodarki Wodnej w Olsztynie\u201d<\/p>\n<p>Opis zadania: Modernizacja i rozbudowa oczyszczalni \u015bciek\u00f3w w Wydminach<\/p>\n<p>odno\u015bnik do strony:\u00a0<a href=\"http:\/\/www.wfosigw.olsztyn.pl\/\">www.wfosigw.olsztyn.pl<\/a><\/p>","protected":false},"excerpt":{"rendered":"<p>Nazwa zadania:\u00a0\u201eBudowa wiejskiej oczyszczalni w miejscowo\u015bci Gawliki Ma\u0142e wraz z kanalizacj\u0105 i niezb\u0119dn\u0105 infrastruktur\u0105 oraz modernizacja SUW w m. \u0141\u0119kuk Ma\u0142y\u201d Koszt kwalifikowany zadania: 3799673,14 z\u0142 Forma dofinansowania ze \u015brodk\u00f3w WFO\u015aiGW w Olsztynie: po\u017cyczka 1828121,14 z\u0142 \u201eKorzystamy z dofinansowania Wojew\u00f3dzkiego Funduszu Ochrony \u015arodowiska i Gospodarki Wodnej w Olsztynie\u201d odno\u015bnik do strony:\u00a0www.wfosigw.olsztyn.pl _____________________________________________________________________________ Nazwa zadania:\u00a0\u201eBudowa oczyszczalni &hellip; <\/p>\n<p class=\"link-more\"><a href=\"https:\/\/pukiz.pl\/?page_id=24\" class=\"more-link\">Czytaj dalej<span class=\"screen-reader-text\"> \u201eWFO\u015aIGW W OLSZTYNIE\u201d<\/span><\/a><\/p>\n","protected":false},"author":1,"featured_media":0,"parent":0,"menu_order":0,"comment_status":"closed","ping_status":"closed","template":"","meta":{"footnotes":""},"class_list":["post-24","page","type-page","status-publish","hentry"],"yoast_head":"<!-- This site is optimized with the Yoast SEO plugin v27.5 - https:\/\/yoast.com\/product\/yoast-seo-wordpress\/ -->\n<title>WFO\u015aIGW W OLSZTYNIE - PUKiZ Wydminy<\/title>\n<meta name=\"robots\" content=\"index, follow, max-snippet:-1, max-image-preview:large, max-video-preview:-1\" \/>\n<link rel=\"canonical\" href=\"https:\/\/pukiz.pl\/?page_id=24\" \/>\n<meta property=\"og:locale\" content=\"pl_PL\" \/>\n<meta property=\"og:type\" content=\"article\" \/>\n<meta property=\"og:title\" content=\"WFO\u015aIGW W OLSZTYNIE - PUKiZ Wydminy\" \/>\n<meta property=\"og:description\" content=\"Nazwa zadania:\u00a0\u201eBudowa wiejskiej oczyszczalni w miejscowo\u015bci Gawliki Ma\u0142e wraz z kanalizacj\u0105 i niezb\u0119dn\u0105 infrastruktur\u0105 oraz modernizacja SUW w m. \u0141\u0119kuk Ma\u0142y\u201d Koszt kwalifikowany zadania: 3799673,14 z\u0142 Forma dofinansowania ze \u015brodk\u00f3w WFO\u015aiGW w Olsztynie: po\u017cyczka 1828121,14 z\u0142 \u201eKorzystamy z dofinansowania Wojew\u00f3dzkiego Funduszu Ochrony \u015arodowiska i Gospodarki Wodnej w Olsztynie\u201d odno\u015bnik do strony:\u00a0www.wfosigw.olsztyn.pl _____________________________________________________________________________ Nazwa zadania:\u00a0\u201eBudowa oczyszczalni &hellip; Czytaj dalej \u201eWFO\u015aIGW W OLSZTYNIE\u201d\" \/>\n<meta property=\"og:url\" content=\"https:\/\/pukiz.pl\/?page_id=24\" \/>\n<meta property=\"og:site_name\" content=\"PUKiZ Wydminy\" \/>\n<meta property=\"article:modified_time\" content=\"2023-10-13T07:59:56+00:00\" \/>\n<meta property=\"og:image\" content=\"http:\/\/pukiz.pl\/wp-content\/uploads\/2023\/10\/WFOSiGW_logo.jpg\" \/>\n<meta name=\"twitter:card\" content=\"summary_large_image\" \/>\n<meta name=\"twitter:label1\" content=\"Szacowany czas czytania\" \/>\n\t<meta name=\"twitter:data1\" content=\"2 minuty\" \/>\n<script type=\"application\/ld+json\" class=\"yoast-schema-graph\">{\"@context\":\"https:\\\/\\\/schema.org\",\"@graph\":[{\"@type\":\"WebPage\",\"@id\":\"https:\\\/\\\/pukiz.pl\\\/?page_id=24\",\"url\":\"https:\\\/\\\/pukiz.pl\\\/?page_id=24\",\"name\":\"WFO\u015aIGW W OLSZTYNIE - PUKiZ Wydminy\",\"isPartOf\":{\"@id\":\"https:\\\/\\\/pukiz.pl\\\/#website\"},\"primaryImageOfPage\":{\"@id\":\"https:\\\/\\\/pukiz.pl\\\/?page_id=24#primaryimage\"},\"image\":{\"@id\":\"https:\\\/\\\/pukiz.pl\\\/?page_id=24#primaryimage\"},\"thumbnailUrl\":\"http:\\\/\\\/pukiz.pl\\\/wp-content\\\/uploads\\\/2023\\\/10\\\/WFOSiGW_logo.jpg\",\"datePublished\":\"2023-10-11T10:17:48+00:00\",\"dateModified\":\"2023-10-13T07:59:56+00:00\",\"breadcrumb\":{\"@id\":\"https:\\\/\\\/pukiz.pl\\\/?page_id=24#breadcrumb\"},\"inLanguage\":\"pl-PL\",\"potentialAction\":[{\"@type\":\"ReadAction\",\"target\":[\"https:\\\/\\\/pukiz.pl\\\/?page_id=24\"]}]},{\"@type\":\"ImageObject\",\"inLanguage\":\"pl-PL\",\"@id\":\"https:\\\/\\\/pukiz.pl\\\/?page_id=24#primaryimage\",\"url\":\"https:\\\/\\\/pukiz.pl\\\/wp-content\\\/uploads\\\/2023\\\/10\\\/WFOSiGW_logo.jpg\",\"contentUrl\":\"https:\\\/\\\/pukiz.pl\\\/wp-content\\\/uploads\\\/2023\\\/10\\\/WFOSiGW_logo.jpg\",\"width\":266,\"height\":104},{\"@type\":\"BreadcrumbList\",\"@id\":\"https:\\\/\\\/pukiz.pl\\\/?page_id=24#breadcrumb\",\"itemListElement\":[{\"@type\":\"ListItem\",\"position\":1,\"name\":\"Home\",\"item\":\"https:\\\/\\\/pukiz.pl\\\/\"},{\"@type\":\"ListItem\",\"position\":2,\"name\":\"WFO\u015aIGW W OLSZTYNIE\"}]},{\"@type\":\"WebSite\",\"@id\":\"https:\\\/\\\/pukiz.pl\\\/#website\",\"url\":\"https:\\\/\\\/pukiz.pl\\\/\",\"name\":\"PUKiZ Wydminy\",\"description\":\"ul. Suwalska 20; 11-510 Wydminy\",\"publisher\":{\"@id\":\"https:\\\/\\\/pukiz.pl\\\/#organization\"},\"potentialAction\":[{\"@type\":\"SearchAction\",\"target\":{\"@type\":\"EntryPoint\",\"urlTemplate\":\"https:\\\/\\\/pukiz.pl\\\/?s={search_term_string}\"},\"query-input\":{\"@type\":\"PropertyValueSpecification\",\"valueRequired\":true,\"valueName\":\"search_term_string\"}}],\"inLanguage\":\"pl-PL\"},{\"@type\":\"Organization\",\"@id\":\"https:\\\/\\\/pukiz.pl\\\/#organization\",\"name\":\"PUKiZ Wydminy\",\"url\":\"https:\\\/\\\/pukiz.pl\\\/\",\"logo\":{\"@type\":\"ImageObject\",\"inLanguage\":\"pl-PL\",\"@id\":\"https:\\\/\\\/pukiz.pl\\\/#\\\/schema\\\/logo\\\/image\\\/\",\"url\":\"https:\\\/\\\/pukiz.pl\\\/wp-content\\\/uploads\\\/2023\\\/10\\\/cropped-logo-1.png\",\"contentUrl\":\"https:\\\/\\\/pukiz.pl\\\/wp-content\\\/uploads\\\/2023\\\/10\\\/cropped-logo-1.png\",\"width\":250,\"height\":250,\"caption\":\"PUKiZ Wydminy\"},\"image\":{\"@id\":\"https:\\\/\\\/pukiz.pl\\\/#\\\/schema\\\/logo\\\/image\\\/\"}}]}<\/script>\n<!-- \/ Yoast SEO plugin. -->","yoast_head_json":{"title":"WFO\u015aIGW W OLSZTYNIE - PUKiZ Wydminy","robots":{"index":"index","follow":"follow","max-snippet":"max-snippet:-1","max-image-preview":"max-image-preview:large","max-video-preview":"max-video-preview:-1"},"canonical":"https:\/\/pukiz.pl\/?page_id=24","og_locale":"pl_PL","og_type":"article","og_title":"WFO\u015aIGW W OLSZTYNIE - PUKiZ Wydminy","og_description":"Nazwa zadania:\u00a0\u201eBudowa wiejskiej oczyszczalni w miejscowo\u015bci Gawliki Ma\u0142e wraz z kanalizacj\u0105 i niezb\u0119dn\u0105 infrastruktur\u0105 oraz modernizacja SUW w m. \u0141\u0119kuk Ma\u0142y\u201d Koszt kwalifikowany zadania: 3799673,14 z\u0142 Forma dofinansowania ze \u015brodk\u00f3w WFO\u015aiGW w Olsztynie: po\u017cyczka 1828121,14 z\u0142 \u201eKorzystamy z dofinansowania Wojew\u00f3dzkiego Funduszu Ochrony \u015arodowiska i Gospodarki Wodnej w Olsztynie\u201d odno\u015bnik do strony:\u00a0www.wfosigw.olsztyn.pl _____________________________________________________________________________ Nazwa zadania:\u00a0\u201eBudowa oczyszczalni &hellip; Czytaj dalej \u201eWFO\u015aIGW W OLSZTYNIE\u201d","og_url":"https:\/\/pukiz.pl\/?page_id=24","og_site_name":"PUKiZ Wydminy","article_modified_time":"2023-10-13T07:59:56+00:00","og_image":[{"url":"http:\/\/pukiz.pl\/wp-content\/uploads\/2023\/10\/WFOSiGW_logo.jpg","type":"","width":"","height":""}],"twitter_card":"summary_large_image","twitter_misc":{"Szacowany czas czytania":"2 minuty"},"schema":{"@context":"https:\/\/schema.org","@graph":[{"@type":"WebPage","@id":"https:\/\/pukiz.pl\/?page_id=24","url":"https:\/\/pukiz.pl\/?page_id=24","name":"WFO\u015aIGW W OLSZTYNIE - PUKiZ Wydminy","isPartOf":{"@id":"https:\/\/pukiz.pl\/#website"},"primaryImageOfPage":{"@id":"https:\/\/pukiz.pl\/?page_id=24#primaryimage"},"image":{"@id":"https:\/\/pukiz.pl\/?page_id=24#primaryimage"},"thumbnailUrl":"http:\/\/pukiz.pl\/wp-content\/uploads\/2023\/10\/WFOSiGW_logo.jpg","datePublished":"2023-10-11T10:17:48+00:00","dateModified":"2023-10-13T07:59:56+00:00","breadcrumb":{"@id":"https:\/\/pukiz.pl\/?page_id=24#breadcrumb"},"inLanguage":"pl-PL","potentialAction":[{"@type":"ReadAction","target":["https:\/\/pukiz.pl\/?page_id=24"]}]},{"@type":"ImageObject","inLanguage":"pl-PL","@id":"https:\/\/pukiz.pl\/?page_id=24#primaryimage","url":"https:\/\/pukiz.pl\/wp-content\/uploads\/2023\/10\/WFOSiGW_logo.jpg","contentUrl":"https:\/\/pukiz.pl\/wp-content\/uploads\/2023\/10\/WFOSiGW_logo.jpg","width":266,"height":104},{"@type":"BreadcrumbList","@id":"https:\/\/pukiz.pl\/?page_id=24#breadcrumb","itemListElement":[{"@type":"ListItem","position":1,"name":"Home","item":"https:\/\/pukiz.pl\/"},{"@type":"ListItem","position":2,"name":"WFO\u015aIGW W OLSZTYNIE"}]},{"@type":"WebSite","@id":"https:\/\/pukiz.pl\/#website","url":"https:\/\/pukiz.pl\/","name":"PUKiZ Wydminy","description":"ul. Suwalska 20; 11-510 Wydminy","publisher":{"@id":"https:\/\/pukiz.pl\/#organization"},"potentialAction":[{"@type":"SearchAction","target":{"@type":"EntryPoint","urlTemplate":"https:\/\/pukiz.pl\/?s={search_term_string}"},"query-input":{"@type":"PropertyValueSpecification","valueRequired":true,"valueName":"search_term_string"}}],"inLanguage":"pl-PL"},{"@type":"Organization","@id":"https:\/\/pukiz.pl\/#organization","name":"PUKiZ Wydminy","url":"https:\/\/pukiz.pl\/","logo":{"@type":"ImageObject","inLanguage":"pl-PL","@id":"https:\/\/pukiz.pl\/#\/schema\/logo\/image\/","url":"https:\/\/pukiz.pl\/wp-content\/uploads\/2023\/10\/cropped-logo-1.png","contentUrl":"https:\/\/pukiz.pl\/wp-content\/uploads\/2023\/10\/cropped-logo-1.png","width":250,"height":250,"caption":"PUKiZ Wydminy"},"image":{"@id":"https:\/\/pukiz.pl\/#\/schema\/logo\/image\/"}}]}},"_links":{"self":[{"href":"https:\/\/pukiz.pl\/index.php?rest_route=\/wp\/v2\/pages\/24","targetHints":{"allow":["GET"]}}],"collection":[{"href":"https:\/\/pukiz.pl\/index.php?rest_route=\/wp\/v2\/pages"}],"about":[{"href":"https:\/\/pukiz.pl\/index.php?rest_route=\/wp\/v2\/types\/page"}],"author":[{"embeddable":true,"href":"https:\/\/pukiz.pl\/index.php?rest_route=\/wp\/v2\/users\/1"}],"replies":[{"embeddable":true,"href":"https:\/\/pukiz.pl\/index.php?rest_route=%2Fwp%2Fv2%2Fcomments&post=24"}],"version-history":[{"count":3,"href":"https:\/\/pukiz.pl\/index.php?rest_route=\/wp\/v2\/pages\/24\/revisions"}],"predecessor-version":[{"id":76,"href":"https:\/\/pukiz.pl\/index.php?rest_route=\/wp\/v2\/pages\/24\/revisions\/76"}],"wp:attachment":[{"href":"https:\/\/pukiz.pl\/index.php?rest_route=%2Fwp%2Fv2%2Fmedia&parent=24"}],"curies":[{"name":"wp","href":"https:\/\/api.w.org\/{rel}","templated":true}]}}